. What is the remainder when 84 is divided by d?
18
Let z(t) be the third derivative of 1/3*t**3 + 1/24*t**4 - t**2 + 0 + 0*t. Calculate the remainder when 11 is divided by z(2).
3
Let j(c) = -3*c**3 - 7*c**2 - 4*c + 5. Calculate the remainder when j(-5) is divided by 57.
54
Let h = -38 + 66. Suppose 0 = -f + h. What is the remainder when f is divided by 15?
13
Suppose -128 + 42 = -2*u - 4*c, 187 = 4*u + 5*c. Calculate the remainder when u is divided by 29.
24
Let l be (2/4)/(1/4). Suppose -4*i = -l*i - 8. Suppose 2*z - 40 = -2*n, 5*n + i - 83 = -4*z. Calculate the remainder when z is divided by 12.
9
Calculate the remainder when 96 is divided by (-3)/(12/4)*(2 - 35).
30
Suppose 8*u - 19*u = -880. What is the remainder when u is divided by 12?
8
Suppose -5*r = 2*m - 93, -3*r + 5*r - 40 = 2*m. Calculate the remainder when r is divided by 7.
5
What is the remainder when 8 is divided by (-44)/(-9) + (-1)/(-9)?
3
Suppose 3*m - 27 = -2*r, -m = -3*r + 2*r - 9. Let n = m + -7. What is the remainder when 3 is divided by n?
1
Let o be (1 + -1 - 2) + 7. Suppose -o*h + 7*h - 42 = 0. What is the remainder when h is divided by 12?
9
Let c = 51 + -38. Let u(r) = r**3 - 7*r**2 + 7*r + 1. What is the remainder when c is divided by u(6)?
6
Let u = -2 + 19. What is the remainder when u is divided by 9?
8
Let t = -23 + 52. What is the remainder when t is divided by 8?
5
Suppose y + 36 = 5*k, 4*k - 2*y = 3*y + 12. Calculate the remainder when 30 is divided by k.
6
What is the remainder when ((-2)/(-1))/(9 - 8) - -45 is divided by 17?
13
Let q = -16 + 23. Let z be (-5)/25 - (-2)/10. What is the remainder when q is divided by (z - (-2)/1) + 2?
3
Let r be 1*-2 + (-7 - -15). Suppose -r*k + 4*k = -198. What is the remainder when k is divided by 25?
24
Suppose -2*q = -l + 7, -q = l - 7 - 12. Calculate the remainder when l is divided by 8.
7
Let i = -150 + 166. Suppose 141 = s + 2*s. Calculate the remainder when s is divided by i.
15
Let i(p) = 4*p**2 + 5*p - 1. What is the remainder when i(-4) is divided by 22?
21
Let b(u) = 6*u - 1. Let y be b(1). Let a(q) = q**2 + q - 3. Let m(f) = f**2 - 2*f + 15. What is the remainder when a(y) is divided by m(0)?
12
Let n(z) = z. Let y(r) = -1 - 3*r**2 + 2*r**2 + r**2 + 2*r + 4*r**3. Let i be y(1). Calculate the remainder when 8 is divided by n(i).
3
Let a be 0/2 - (-2 + -2). Suppose -2*x = -4*x + a. Let c(s) = 5*s - 2. Calculate the remainder when c(1) is divided by x.
1
Suppose 0 = -a - 2*x - 3, -2*a - 2*x + 1 = 17. Let d = a + 16. What is the remainder when d is divided by 1?
0
Suppose 2*h + h - 9 = 0. Suppose 5*i - 12 - h = 0. Calculate the remainder when 10 is divided by i.
1
Let p be 180/(-16) - (-1)/4. Let g be p/((-1)/2*-1). Let o = g - -43. What is the remainder when o is divided by 11?
10
Let q be (3 - -1)/2 + 5907. Suppose -o - 3124 = -4*k + 1605, 5*k - q = -o. What is the remainder when 4/18 - k/(-27) is divided by 15?
14
Let n(y) = -6*y + 4*y - 11 + 8*y. Calculate the remainder when n(6) is divided by 10.
5
Let n = 17 + -13. Suppose r = -2*u + 3*u - 21, -2*r = -n*u + 86. What is the remainder when 41 is divided by u?
19
Let l(i) be the second derivative of i**4/12 - 5*i**3/3 + 6*i**2 - 3*i. Calculate the remainder when 8 is divided by l(9).
2
Suppose 3*c - 7*c + 4*s = -152, 2*c + s = 61. Calculate the remainder when 197 is divided by c.
32
Let u = 1 - 0. Suppose m + 4*f - 6 = 6*m, -5*f = m - 22. Calculate the remainder when m is divided by u.
0
Let h = 12 + 27. Suppose 3*k - 30 = -0*k. What is the remainder when h is divided by k?
9
Let f(v) = v**2 - 7*v + 9. Let x be f(6). Suppose -36 = -p - x*p. Suppose -5*l = m + 20, m + 0*m = -2*l - 5. Calculate the remainder when p is divided by m.
4
Suppose 0 = 5*h - 5, 5*f - 56 = 4*h. Calculate the remainder when 21 is divided by f.
9
Suppose 24 - 91 = -a + 5*y, 2*a - 204 = -4*y. Let x be ((-4)/(-6))/(1/6). Suppose x*u + a = 8*u. Calculate the remainder when 67 is divided by u.
21
Let a(m) = -10*m + 7. Let s be a(-6). Let k be (-3)/((18/(-40))/(-3)). What is the remainder when 27 is divided by (-12)/k + s/5?
13
Let x = 47 - 27. Suppose -3*g + 74 = x. Calculate the remainder when 35 is divided by g.
17
Let v = 63 - 55. Calculate the remainder when 12 is divided by v.
4
Suppose 4*k - 76 = -c, 3*k - 5*c - 40 = 2*k. Let o = 43 - 9. What is the remainder when o is divided by (-2 - k/(-2)) + 1?
7
Let k = 1 - -3. What is the remainder when 6 is divided by k?
2
Suppose 2*y - b - 23 = 0, 3*b + 11 = 2*y - 22. Calculate the remainder when y is divided by -2*(9/(-2) - -1).
2
Suppose 4 + 2 = -2*z. Let j be 1/z - (-8)/6. Calculate the remainder when 4 is divided by 5 + (-5)/j + 2.
0
Let f = 75 + 151. Calculate the remainder when 1/(-4) + f/8 is divided by (-1 + (-38)/(-8))*4.
13
Suppose 3*x = p - 20, 3*p + p + 5*x = 114. What is the remainder when 102 is divided by p?
24
Let x(c) = 2*c + 19. Calculate the remainder when x(15) is divided by (27 + -1)/((-6)/(-3)).
10
Let s(x) = -57*x + 3. Let m be s(-4). Suppose -2*b = -c + 3*b + 77, -b + m = 3*c. What is the remainder when c is divided by 20?
17
Suppose 0 = -4*k - 2*q + 242, -2*k = -q - 129 + 6. Calculate the remainder when k is divided by 15 - (4 + -3)*-1.
13
Let a = -808 + 276. Suppose -s + 29 = 2*f, 2*s + 2 = 8. Calculate the remainder when 6/(-4)*a/21 is divided by f.
12
Let m(c) = -12*c - 2. Let l be m(-1). Let j(r) = -r**2 + 15*r - 9. Calculate the remainder when j(l) is divided by 11.
8
Let x(b) = -b**3 + 7*b**2 - 9*b + 18. What is the remainder when x(5) is divided by 15?
8
Let b = 18 - -11. Let z(l) = 57*l**2 + l + 1. Let k be z(-1). Suppose -7 = 5*u - k. Calculate the remainder when b is divided by u.
9
Let c(q) = q + 1. Let w be c(2). Suppose -w*h + 136 = 13. Suppose 3*i + 8 = n, i = 7*n - 3*n - 54. What is the remainder when h is divided by n?
13
Suppose 0 = -2*i - j - 2*j, 5*i + 13 = -j. Let a = 6 - i. Suppose 71 = 4*l + h + 10, l - h = a. Calculate the remainder when l is divided by 5.
4
Suppose 11*v - 20 = 9*v. What is the remainder when 29 is divided by v?
9
Suppose -46 - 10 = -b. Suppose 3*s = s + b. What is the remainder when s is divided by 1*17 + -13 + 11?
13
What is the remainder when -3 - ((-3)/12 - (-618)/(-24)) is divided by 12?
11
Suppose -4 = 2*v - 2*f - 0, 4 = 2*f. Suppose v = 4*z - 5*z - 3. Let u(p) = -p**3 - p**2 + 2*p - 2. What is the remainder when u(z) is divided by 4?
2
Suppose -2*i = 1 - 11. Let l(k) = k - 5. Let u be l(i). Suppose 5*q + u = 30. Calculate the remainder when 10 is divided by q.
4
Let g(f) = -f**2 - 13*f + 7. Let l(i) = -i**3 + 8*i**2 - 10*i + 8. Let k be l(7). Calculate the remainder when 39 is divided by g(k).
4
Let h be 30 + 2 - (2 + -1). Let g = 19 + h. Suppose 10*w - 5*w = g. What is the remainder when 27 is divided by w?
7
Let l(b) be the first derivative of -b**3/3 - 7*b**2/2 - b - 4. What is the remainder when 17 is divided by l(-6)?
2
Let r(k) = 3*k**3 - 4*k**2 + 1. Suppose 4*y = 3*m + 29, 2*y + 27 = -4*m + 5*y. What is the remainder when r(3) is divided by -4*(12*1)/m?
14
Let s(u) = u**3 + 2*u**2 - 4*u - 3. Let f be s(-3). Suppose z + 0*z - 14 = f. What is the remainder when (-162)/(-4) - 1/2 is divided by z?
12
Let m(b) = -b**3 + 10*b**2 - 9*b + 5. Suppose 0 = -3*n + k + 34, 0 = -4*n - 5*k + 65 + 12. Calculate the remainder when n is divided by m(9).
3
Suppose 44 + 2 = 2*l - 2*t, 93 = 4*l - 5*t. Let w(b) = 6*b + 6. Suppose -2*o + 4*y - 3*y = -9, 0 = -2*y + 6. Calculate the remainder when w(o) is divided by l.
20
Let v(c) = -c**3 + 10*c**2 - 9*c + 3. Let f be v(9). What is the remainder when 29 is divided by 1 + 1 + (f - -3)?
5
Let k = 2 - -1. Suppose -16 = 5*p - 76. Suppose i = -3*i + p. What is the remainder when i is divided by k?
0
Suppose -16 = -3*k - 2*w, -3*k = 3*w - 15 - 0. Calculate the remainder when 15 is divided by 50/6 - 2/k.
7
Let a(p) = -p + 11. Let d be a(5). Suppose 2*q - 5*q - 5*w = 31, -4*w = -q - 16. Calculate the remainder when (-2 + d/(-9))*q is divided by 17.
15
Suppose 4*d = -5*a + 2, -2*d - 4 - 8 = -4*a. Suppose 2*i - 5 = -2*s + 29, 52 = a*i - 4*s. Calculate the remainder when 37 is divided by i.
17
Let d = -5 + 8. Suppose 3*v = y + 8, 5*v + 3*y = -y + 2. Suppose -u + v = q, -3*q - d*u = -q. Calculate the remainder when 17 is divided by q.
5
Let h(d) = -d